lculate the remainder when 1212250 is divided by 176.
138
Calculate the remainder when 5613924 is divided by 33.
30
Calculate the remainder when 595804 is divided by 7154.
2022
Calculate the remainder when 184152165 is divided by 138.
135
Calculate the remainder when 237463474 is divided by 67.
64
Calculate the remainder when 6161633 is divided by 2053877.
2
Calculate the remainder when 437916 is divided by 17507.
241
Calculate the remainder when 454070 is divided by 20638.
34
Calculate the remainder when 19421151 is divided by 342.
339
Calculate the remainder when 21410189 is divided by 4282035.
14
Calculate the remainder when 419253921 is divided by 116.
109
What is the remainder when 6645974 is divided by 179619?
71
What is the remainder when 1881294 is divided by 627091?
21
What is the remainder when 8492165 is divided by 44932?
17
Calculate the remainder when 530531 is divided by 265265.
1
What is the remainder when 6129243 is divided by 16?
11
What is the remainder when 720769 is divided by 492?
481
What is the remainder when 5749697 is divided by 1437419?
21
What is the remainder when 146787 is divided by 2540?
2007
What is the remainder when 39174209 is divided by 4896767?
73
Calculate the remainder when 110887 is divided by 18362.
715
What is the remainder when 376147 is divided by 2884?
1227
What is the remainder when 18305466 is divided by 26?
10
Calculate the remainder when 27410 is divided by 3266.
1282
Calculate the remainder when 43151 is divided by 2630.
1071
What is the remainder when 54498 is divided by 315?
3
Calculate the remainder when 214458 is divided by 71157.
987
What is the remainder when 7841785 is divided by 801?
796
What is the remainder when 511112 is divided by 96?
8
Calculate the remainder when 9439931 is divided by 87.
83
What is the remainder when 994575 is divided by 370?
15
What is the remainder when 61336337 is divided by 68?
65
Calculate the remainder when 442795 is divided by 1121.
0
What is the remainder when 484913092 is divided by 17?
9
Calculate the remainder when 1586537 is divided by 75.
62
Calculate the remainder when 15811980 is divided by 71225.
30
What is the remainder when 39185677 is divided by 259?
13
What is the remainder when 66914 is divided by 1625?
289
Calculate the remainder when 56772 is divided by 9137.
1950
Calculate the remainder when 103708 is divided by 1224.
892
What is the remainder when 1300041 is divided by 649880?
281
What is the remainder when 469551 is divided by 9380?
551
What is the remainder when 278614820 is divided by 69653704?
4
Calculate the remainder when 119657044 is divided by 850.
844
What is the remainder when 12697242 is divided by 1686?
1662
Calculate the remainder when 6766314 is divided by 2061.
51
Calculate the remainder when 1871346 is divided by 2207.
2017
Calculate the remainder when 1786639 is divided by 286.
283
Calculate the remainder when 13391583 is divided by 10365.
3
What is the remainder when 8821548 is divided by 1139?
1132
What is the remainder when 52451 is divided by 357?
329
Calculate the remainder when 14341564 is divided by 245.
244
What is the remainder when 9753165 is divided by 109586?
11
Calculate the remainder when 6448972 is divided by 646.
600
What is the remainder when 429406 is divided by 302?
264
What is the remainder when 6821 is divided by 1826?
1343
Calculate the remainder when 399368968 is divided by 78.
76
Calculate the remainder when 1122591 is divided by 1122524.
67
Calculate the remainder when 4090677 is divided by 30.
27
Calculate the remainder when 10053959 is divided by 4997.
4992
What is the remainder when 413026 is divided by 206511?
4
Calculate the remainder when 4249579 is divided by 607065.
124
Calculate the remainder when 45217569 is divided by 3038.
3015
Calculate the remainder when 42595 is divided by 150.
145
Calculate the remainder when 414877 is divided by 9920.
8157
Calculate the remainder when 218931 is divided by 16.
3
Calculate the remainder when 21369 is divided by 897.
738
What is the remainder when 139493 is divided by 69135?
1223
What is the remainder when 1554637 is divided by 330?
7
What is the remainder when 227122 is divided by 2189?
1655
What is the remainder when 18441224 is divided by 70?
4
Calculate the remainder when 18871749 is divided by 1403.
1399
Calculate the remainder when 151188686 is divided by 1131.
1130
Calculate the remainder when 604145 is divided by 138.
119
What is the remainder when 4303588 is divided by 1075870?
108
What is the remainder when 3918651 is divided by 1306128?
267
Calculate the remainder when 121764666 is divided by 1185.
1176
What is the remainder when 21409 is divided by 894?
847
Calculate the remainder when 4067965 is divided by 775.
765
Calculate the remainder when 2294757 is divided by 14.
3
What is the remainder when 993745 is divided by 993738?
7
Calculate the remainder when 723555 is divided by 180755.
535
What is the remainder when 8144246 is divided by 113113?
110
What is the remainder when 750360 is divided by 9045?
8670
Calculate the remainder when 494914 is divided by 4669.
0
Calculate the remainder when 409754 is divided by 68282.
62
Calculate the remainder when 4203308 is divided by 75058.
60
What is the remainder when 483376547 is divided by 102237?
11
What is the remainder when 471178 is divided by 42801?
367
Calculate the remainder when 148750 is divided by 44.
30
Calculate the remainder when 4380556 is divided by 95.
11
What is the remainder when 93225 is divided by 855?
30
What is the remainder when 568496 is divided by 141294?
3320
Calculate the remainder when 585351 is divided by 337.
319
Calculate the remainder when 95481 is divided by 84.
57
What is the remainder when 3493591 is divided by 6183?
196
Calculate the remainder when 145687946 is divided by 1396.
1386
What is the remainder when 8513837 is divided by 191?
12
What is the remainder when 20804 is divided by 6864?
212
Calculate the remainder when 1422979 is divided by 458.
431
What is the remainder when 207680 is divided by 10930?
10
Calculate the remainder when 7421 is divided by 7250.
171
Calculate the remainder when 1325450 is divided by 1543.
13
Calculate the remainder when 132801 is divided by 183.
126
Calculate the remainder when 398521 is divided by 115.
46
Calculate the remainder when 47553685 is divided by 664.
661
What is the remainder when 74939647 is divided by 2272?
2271
What is the remainder when 315902 is divided by 3317?
787
Calculate the remainder when 1975859 is divided by 5763.
4913
Calculate the remainder when 24123112 is divided by 1.
0
Calculate the remainder when 4340082 is divided by 4833.
48
Calculate the remainder when 4411859 is divided by 2205924.
11
Calculate the remainder when 242274557 is divided by 1408.
1405
What is the remainder when 149756 is divided by 335?
11
Calculate the remainder when 2414444 is divided by 24.
20
Calculate the remainder when 542090 is divided by 118.
116
What is the remainder when 106965 is divided by 50?
15
What is the remainder when 25359372 is divided by 8255?
12
Calculate the remainder when 710636 is divided by 710635.
1
Calculate the remainder when 8384548 is divided by 158197.
107
Calculate the remainder when 3760032 is divided by 3307.
3280
Calculate the remainder when 26662245 is divided by 72.
69
Calculate the remainder when 841220 is divided by 8498.
8416
What is the remainder when 969845 is divided by 1913?
1867
Calculate the remainder when 4215 is divided by 686.
99
Calculate the remainder when 46303 is divided by 23119.
65
What is the remainder when 6188725 is divided by 5405?
0
Calculate the remainder when 32692 is divided by 10894.
10
What is the remainder when 79092 is divided by 3605?
3387
Calculate the remainder when 365854 is divided by 7953.
16
Calculate the remainder when 439367234 is divided by 52.
46
What is the remainder when 404617 is divided by 876?
781
Calculate the remainder when 8006950 is divided by 2668975.
25
What is the remainder when 17978665 is divided by 1575?
40
Calculate the remainder when 85389 is divided by 21241.
425
What is the remainder when 295147 is divided by 363?
28
What is the remainder when 474681 is divided by 168?
81
Calculate the remainder when 11161247 is divided by 84.
